2. Let h(b) = -7*b**2 - b + 1. Let l(n) = 5*h(n) - 6*u(n). Determine l(x).
-1
Let c(x) = x**2 - 4*x. Let a(k) = 3*k**2 - 13*k. Let p(s) = -4*a(s) + 11*c(s). Suppose -4*d + 24 = n, -5*d + 4*n = -6*d + 6. Give p(d).
12
Let s be 1*(4 - (1 + 2)). Let u be (0 - s)/(17/(-153)). Let o(b) = b**2 - 7*b - 13. Determine o(u).
5
Let l(t) = t**2 + 50*t + 112. Let r be l(-40). Let b = 282 + r. Let i(y) = -y**2 - 8*y - 7. Calculate i(b).
5
Let c = 627 + -403. Let t be (c/(-168))/((-1)/3). Let m(g) = -4*g - 2. What is m(t)?
-18
Let m(h) = -35*h - 9. Let q(p) = 434*p - 1735. Let g be q(4). Give m(g).
-44
Let o(k) = -6*k + 9*k - 5*k + 79 - 74. What is o(14)?
-23
Let g(j) = -j**3 + j - 22. Let r be 6*(-18)/1*4/3. Let w = r + 144. Give g(w).
-22
Let x(h) = -2*h**3 - 3*h**2 + 3*h + 7. Suppose -2*m - 4*w = -9*w - 21, 4*m + 4*w + 28 = 0. Determine x(m).
5
Let x = 52795 - 52788. Let s(j) be the first derivative of -j**2 + 8*j - 1. What is s(x)?
-6
Let l(k) = -12*k - 179. Let p be l(-15). Let i(f) be the second derivative of -f**5/4 + f**4/12 + f**3/6 - 3*f**2/2 + 102*f. What is i(p)?
-6
Suppose 2*k + 12 - 3 = -p, -5*p = k + 18. Let s(a) = -47*a + 3*a**2 + a**3 - 23*a - 6 + 68*a. Give s(k).
0
Let j(g) = -3*g**2 - 4*g - 2. Let q(p) = -p**2 - 3. Let v(h) = j(h) - 2*q(h). Calculate v(-5).
-1
Let f(d) be the second derivative of -d**4/6 - 7*d**3/6 + 7*d**2/2 - 54*d. Determine f(6).
-107
Let a(z) = -13*z**3 - 33*z**2 + 38*z + 229. Let d(h) = -7*h**3 - 17*h**2 + 19*h + 126. Let r(s) = 6*a(s) - 11*d(s). Determine r(-12).
-96
Let q(c) be the first derivative of 1/2*c**2 + 5*c + 40. Determine q(-4).
1
Let o(r) = -6*r**2 - 3*r - 9. Let w(l) = 2*l**2 - 12*l. Let h(x) = o(x) + 2*w(x). Determine h(-14).
-23
Let f(h) be the first derivative of h**3/3 - 4*h**2 + 7*h + 463. Let t(k) = -k**3 + 7*k**2 - 4*k - 6. Let s be t(6). Give f(s).
-5
Let o(m) = -14*m**3 - m**2. Let a(l) = 57*l**3 + 3*l**2 - 9*l + 10. Let s(t) = -a(t) - 4*o(t). Determine s(3).
-1
Let r(h) be the third derivative of -h**5/20 + 29*h**4/12 - 29*h**3/6 - 2*h**2 + 21*h + 105. Determine r(19).
-10
Suppose 2*h = 5*h - 3*d - 15, 2*h - 5*d = 7. Let q be (-12)/(-9) - (h/(-9) - 0). Let z(j) = 6*j**2 - 3*j + 2. Give z(q).
20
Let n(w) = -w**3 + 6*w**2 - 2*w + 3. Let s be n(3). Suppose -9*o = -o - s. Suppose -o*q = 0, -3*v - 4*q + 2 = -16. Let i(p) = -p + 9. What is i(v)?
3
Let p(j) = 93*j**3 + 57*j**2 + 215*j - 261. Let q(w) = -17*w**3 - 12*w**2 - 43*w + 52. Let c(k) = -2*p(k) - 11*q(k). Calculate c(-15).
-20
Suppose 8*f - 31 = 97. Suppose -2*t - f = -42. Suppose -t*w = -11*w - 12. Let o(i) = -i + 8. Calculate o(w).
2
Let b(a) = -2*a**3 + a. Let s be b(-1). Let k(w) be the first derivative of 5*w**4/4 - w**3/3 + w - 46. Give k(s).
5
Let m(u) = 3*u**2 + 79*u + 22. Let y be m(-26). Let p(c) = 0*c**3 + c**3 + 270*c**2 + 7*c - 266*c**2 + 5. What is p(y)?
-23
Let r(z) be the second derivative of -z**4/12 + z**3/6 - 3*z**2/2 + 4*z. Let u be (2 + -1 - (-16)/(-24))*(-12 - -12). Calculate r(u).
-3
Suppose -289 = 2*d - 5*t - 345, -4*d - 2*t + 64 = 0. Let p(i) = -2*i + 17. Calculate p(d).
-19
Let z(b) be the first derivative of 6*b**2 + 4*b - 222. What is z(2)?
28
Let g(w) = w + 29. Let k be g(-6). Let y = -21 + k. Let o(f) = 3*f**y - f + 5*f - 4*f**2 - 70 + 67. Determine o(6).
-15
Let d(j) = j - 8. Let c be d(5). Let p be 23/c - (-8)/(-48)*-4. Let m(s) = -s**2 - 8*s - 8. What is m(p)?
-1
Let o(y) be the second derivative of -y**4/12 + 2*y**3 + 7*y**2/2 - y + 268. Calculate o(13).
-6
Let b(s) = -s**3 - 9*s**2 - 20*s + 5. Let g(c) = -c**3 - 8*c**2 - 21*c + 5. Let p(u) = 7*b(u) - 6*g(u). What is p(-14)?
5
Let b(d) be the third derivative of -d**7/5040 - d**6/144 - 7*d**5/15 - d**4/6 - 22*d**2. Let n(t) be the third derivative of b(t). Give n(0).
-5
Let k(u) = -u**3 - 6*u**2 - 7*u - 15. Suppose w - 9*y + 5 = -4*y, 30 = -6*w + y. Calculate k(w).
-5
Let b = -58 + 60. Suppose -5*z - 14 = -3*q, -b*z = -z + 1. Suppose 3*s = -0*s + q. Let f(p) = p + 1. Give f(s).
2
Let j(i) be the second derivative of i**3/3 + i**2 + 387*i. Give j(-5).
-8
Suppose 0 = -3*r + a - 21, -3*r - 174 + 171 = 2*a. Let w(y) = -y**3 - 5*y**2 - 5*y - 4. Determine w(r).
21
Let c be ((-8)/3)/(2/(-3)). Let y be ((-12)/(-2))/(c/2). Let w be (y + 2)*(-4)/5. Let k(i) = i**2 + 6*i + 3. Give k(w).
-5
Let j(p) = -7*p**2 + 13*p - 1. Let g(a) = -a**3 - a**2 - 3*a - 6. Let t be g(0). Let d(y) = -13*y**2 + 25*y - 2. Let h(b) = t*d(b) + 11*j(b). Calculate h(6).
-5
Let l(g) = 4*g**3 - g. Suppose 0 = 5*r - 8*r + 21. Suppose -3 = -19*a + 18*a. Suppose 0 = -i - a*x + r + 6, -2*x = -8. Give l(i).
3
Let f(i) = 31 + i**2 - 6*i - 15 - 3*i - 18. Suppose -2*w = -5*m, 0 = 4*w + 7*m - 9*m. Suppose w = -4*t + 26 + 2. Determine f(t).
-16
Let i(b) = 8*b - 5. Let n(h) = -2 + 18*h - 1 - 31*h + 23*h. Let l(d) = -10*d + 4. Let c(q) = 6*l(q) + 4*n(q). Let p(r) = -5*c(r) - 12*i(r). Give p(1).
4
Let t(l) = -36 - 61 - 28 + 19 - 7 - 5*l. What is t(-23)?
2
Let d = -222 + 224. Let p(u) = -118 - 3*u - 10*u**d - 3*u**3 + 2*u**3 - 5*u + 127. Calculate p(-9).
0
Let h(w) = -w**2 + 6*w - 2. Suppose 3*r + 2 = -4*s + 5, 4*s + 4*r - 4 = 0. Suppose 4*b + 3*d - 25 = s, -b = 3*b + d - 19. Calculate h(b).
6
Let v(c) = -c**3 + 119*c**2 - 123*c**2 - 1 + c**2 - 15. Give v(-4).
0
Let c(n) = 2*n + 44. Let x = 6423 + -6404. Give c(x).
82
Let w(o) be the first derivative of -o**3/3 + o**2/2 - 67*o - 2388. Calculate w(0).
-67
Let v(k) = -105355 + 210774 + 5*k - 105419. Suppose 0*l + 3*l - 6 = 3*h, -5*l + 5 = 0. Determine v(h).
-5
Suppose 4 = 2*s - 20. Let y(l) = -17*l + 50. Let b(a) = 15*a - 44. Let o(i) = -10*b(i) - 9*y(i). Determine o(s).
26
Let n be (-36)/42*-1*14/6. Let h(x) = 10*x**n + 6 - 8*x**2 + x + 2*x**2 - 4*x - x**3. Determine h(4).
-6
Let v(l) = l + 3. Suppose -6*k + 166 = -1304. Let w = -255 + k. Determine v(w).
-7
Let i = 13244 + -13239. Let d(m) = m**2 + 7*m. Give d(i).
60
Suppose -675 - 1558 = -203*k. Let t(v) = -v**3 + 10*v**2 + 10*v + 13. Determine t(k).
2
Let m(r) = 31886 + r - 31886. Calculate m(3).
3
Let k(x) = -47*x**3 - 2*x**2 + x + 1. Let n be 2312/(-2023) + (-2)/(-14). Calculate k(n).
45
Suppose -4*n = -11*n + 91. Suppose -n*q + 17*q = 20. Let v(i) = 2 - 4*i - q + 8. Determine v(6).
-19
Let a(y) = -y + 22. Suppose 2*m - 3*x = 7*m + 23, 16 = 4*x. Determine a(m).
29
Let l(b) = 4*b - 9. Suppose 6*m = 665 + 1321. Let s = -327 + m. Determine l(s).
7
Let b(k) be the second derivative of k**5/20 - 5*k**4/6 + 2*k**3/3 - 29*k**2/2 + 790*k. What is b(10)?
11
Let r = 3568 - 3563. Let g(s) be the third derivative of 3*s**2 + 0*s + 1/12*s**4 + 0 + 0*s**r - 1/120*s**6 - 1/6*s**3. Calculate g(-2).
3
Let l(s) = 6*s**2 - 36*s + 33. Let m be l(1). Let c(j) = 48*j - 151. What is c(m)?
-7
Suppose 2*i = 5*w + 15, 3*i + 5*w = i - 15. Let x(b) = 5*b + b**2 + 0*b + 7 + i*b**2 - 2. Determine x(-4).
1
Let h(l) = l**3 - 11*l**2 + 13*l - 26. Let q be h(10). Let b(d) = d**3 - 3*d**2 + 5*d - 34. Let j be b(q). Let g(a) = -a**3 + a**2 + 4*a - 3. What is g(j)?
1
Let f(u) = -u + 4652 - 4*u - 4673. Give f(-9).
24
Let q(b) = -b**2 + 14*b - 68. Let f be q(11). Let a be (-3)/(15/f)*-1. Let u(m) = -m**2 - 5*m + 12. Give u(a).
-2
Let u(p) = p**2 + 3*p + 11 - 2*p + 9*p. Let f(y) = 102*y**2 + 303*y - 18. Let t be f(-3). What is u(t)?
2
Suppose 2*a - 4*a = -14. Let c(h) = -120*h - 14 + 7*h**2 + 10 - 8*h**2 + 128*h. Calculate c(a).
3
Let c(m) = -13*m**3 - m**2 + m - 1. Let q be ((-5)/2)/((-5)/12). Suppose 0 = q*f - 38 + 32. Calculate c(f).
-14
Let i be 7 + 4/(-6) + (-154)/21. Let g(f) = -6*f + 2. Give g(i).
8
Let f(d) = -3*d - 13. Let u = -489 - -485. Determine f(u).
-1
Let b(z) = -13*z**2 + 3. Let p = -24578 + 24577. Determine b(p).
-10
Suppose 0 = -3*l - 14074 + 14104. Let x(q) = -3*q**2 + 38*q - 64. Give x(l).
16
Let u(y) = 7*y**2 + 162*y - 7. Let l(o) = -o**2 - 24*o. Let i(j) = -6*l(j) - u(j). Give i(-14).
63
Suppose 5*z - i = -25, -4*i - 22 = z + 4. Let k(u) = -u**2 + 17*u - 4. Let o(v) = v**2 - 14*v + 4. Let g(n) = 6*k(n) + 7*o(n). Give g(z).
16
Let n(y) = 12*y. Let v(p) = 1. Let i(k) = -n(k) + 2*v(k). Suppose 4*f + 4*a + 30 = -15*a, 5*f - 8 = -a. Calculate i(f).
-22
Let w(x) = 3*x**3 - 14*x**2 + 3*x - 8. Let b(f) = 4*f**3 - 19*f**2 + 2*f - 9. Let k(l) = 4*b(l) - 5*w(l). Give k(7).
4
Let x = -3 - -12. Let m(p) = 135*p + 2581. Let j be m(-19